- 11124. Suppose 118224 = 5*d + r. Is d a composite number?
True
Suppose 7*a - 10*a = 15, 33034 = -2*c + 4*a. Let v = c - -35749. Suppose -f - 13*f + v = 0. Is f prime?
True
Let u(t) = -41727*t + 770. Is u(-9) composite?
True
Let v = -39 + 44. Let b(a) = 2*a**3 + 3*a**2 - 2*a + 7. Let i be b(v). Is (i + 4)/2*1 composite?
False
Let j be (-3)/(-6) + (-75)/(-2). Let q = -90 + j. Let c = q - -445. Is c a composite number?
True
Let r(b) = b**3 + 17*b**2 + 2*b - 3. Let n be r(-16). Suppose -o - 3*s = -0*s - n, -o = 4*s - 223. Let k = o + 76. Is k composite?
True
Suppose 4*l - 16 = i, -10*i - 27 = -5*l - 7*i. Is 1 + 5 - (-1354 - l) a composite number?
True
Suppose 118*j - 885613 - 1659393 = -149724. Is j a prime number?
False
Let n = 598872 + -179591. Is n a composite number?
False
Is (-113573574)/(-396) - 7/(-154) a prime number?
False
Suppose 0 = 13*i - 105 - 90. Suppose 0 = 2*m - 7*m + i. Suppose -m*y - 6917 = -2*s - 3*s, 6897 = 5*s + 2*y. Is s a composite number?
False
Suppose i - 374 = 195. Suppose 5*k + i = 14634. Is k a composite number?
True
Is -255757*(510/20)/(-17)*(-2)/(-3) a composite number?
False
Let b = 11863 - 7030. Let v = b + -890. Is v a prime number?
True
Suppose 3*c = -2*f + 86984, -f - 11*f = -c - 522018. Is f composite?
True
Let x be (-11)/(-3) + 136/102. Suppose 31151 = x*b - 4*j, 23*j - 28*j + 31115 = 5*b. Is b a composite number?
True
Let p(o) = -o**3 - 15*o**2 + 12*o - 16. Let c be p(-16). Let d be (-15)/2*c/(-20). Suppose d = -j + 651. Is j a prime number?
False
Let s(k) = 61*k + 406. Is s(61) prime?
True
Let c = 626 + -629. Is (-11192)/(-8) - (c + 5)*-1 a composite number?
True
Let v = -827999 + 1869390. Is v prime?
False
Suppose 13*x = 2041 - 11258. Let u = x + 1098. Is u a composite number?
False
Suppose 3*u = c - u + 39, 10 = 5*u. Let l = c - -28. Is 29 + (-1)/l*6 a prime number?
True
Let b be (1 - (-85216)/3)/(33/99). Suppose -222127 = -26*w + b. Is w a prime number?
True
Let z be (-6 - (-5 + 2) - -4)*5. Is 8 + z/(-1) + 7180 a prime number?
False
Let h(o) = 101*o - 25. Let v(s) = -100*s + 24. Let p(t) = -2*h(t) - 3*v(t). Let g be p(13). Let u = g + -737. Is u a prime number?
False
Let m be 9/(-4)*8/3. Let l be m/4*20/45*-6. Is 582/l*4/3 a composite number?
True
Suppose 3*b = -3*l + 670671, 3*b = -l + 7*l - 1341324. Is l a prime number?
False
Suppose 4*x - 100 = -0*x. Let m be -1 + 1 + x/5. Suppose 0 = -3*p + 2*l + 951, 0 = -6*p + 3*p + m*l + 942. Is p prime?
False
Let c(n) = n**3 + 11*n**2 + 9*n + 1. Let d be c(-6). Let r(h) = 3 - 14 + d*h - 90*h. Is r(6) a prime number?
True
Let t(d) = -10930*d + 10718. Is t(-6) composite?
True
Let v(g) = 33*g**3 + 10*g**2 - 4*g - 4. Let p(z) = -67*z**3 - 19*z**2 + 9*z + 7. Suppose -8*x - 4 = -6*x. Let u(k) = x*p(k) - 5*v(k). Is u(-5) prime?
True
Let m(r) = r**3 + 12*r**2 + 84*r + 87. Is m(22) prime?
False
Let p(z) = -2*z - 2. Let f be p(-6). Suppose f*o + 142 = 12*o. Let k = o + -38. Is k composite?
True
Let v be 76 - (-5 + (20 - 6 - 3)). Is ((-16)/v + 84/196)*5345 prime?
True
Suppose 3*z = -6, l = 2*z - 3*z - 5. Is (-1)/l + 37568/12 a prime number?
False
Let j(v) = v**2 + 4*v - 39. Let l be j(-9). Let t be 2 - ((-30)/(-9) + 4/l). Is -94*(0 - t)/(-4) prime?
True
Let p = 18620 - 10677. Suppose 2*q + 757 = p. Is q a prime number?
True
Let o(w) = 2*w**3 - 3*w**2 + w + 3. Let p be o(2). Suppose -p*q = -4*q - 144475. Is q prime?
False
Let u be -1 + (0 + 1 - -3). Let d be u/(144/(-52) + 3) - 1. Is 9/d + 10372/16 prime?
False
Suppose -4*a - 2*b - 854 = -a, 4*b - 884 = 3*a. Let i be (5/(50/a))/((-60)/200). Suppose i*j = 97*j - 331. Is j composite?
False
Let m(r) = 57*r**3 + 16*r**2 + 4*r + 2. Is m(13) prime?
False
Let v(x) = -17*x - 12*x**2 - 13*x**3 + x - x**2 + 7 + 10*x. Is v(-11) prime?
True
Let j = -223 - -221. Let m(k) = -2*k**2 - k - 5439. Let x be m(0). Is (j + 5/3)/(7/x) a composite number?
True
Suppose 0 = 8*a - 11*a + 57. Suppose 5*b - 5 = 4*b. Suppose b*i = 4*m + 31, -8 - a = -4*i + m. Is i composite?
False
Let z(k) = 2360*k + 289. Is z(21) composite?
True
Suppose -49*c - 29670 + 133016 = -206628. Is c prime?
False
Suppose 75 = -0*m + 15*m. Suppose m*y = 1941 + 3094. Is y a prime number?
False
Let c = -6615 + 18284. Suppose 4*x - 6991 = x + 4*d, c = 5*x + 2*d. Is x prime?
True
Suppose -g - 32 = -28, 0 = 3*w - 2*g - 2882. Is w prime?
False
Let i be (-2)/(-4) + (-10)/(-4). Let z(j) = 2*j + 4 + 81*j**2 - 6*j + 4 - 6. Is z(i) prime?
True
Let o(r) = -r**3 + 13*r**2 - 199*r + 346. Is o(-49) prime?
True
Let i = -1135723 - -2255700. Is i prime?
False
Let u(g) = -g**2 - 2*g - 2. Let a be u(-3). Let h(p) be the third derivative of -127*p**4/24 - 2*p**3/3 + 88*p**2 + p. Is h(a) a composite number?
False
Suppose p - 149659 = -2*f, 2*p - f + 0*f = 299313. Is p a composite number?
True
Let f = 225 + -225. Suppose -12*l + 35491 + 184049 = f. Is l composite?
True
Suppose -5*m + 3*o - 45 = -4, 4*o + 12 = 0. Let q(d) be the second derivative of -d**5/20 - d**4/6 + 3*d**2/2 + 5*d. Is q(m) prime?
False
Let y(m) = -5*m**3 + 19*m**2 - 73*m - 27. Is y(-14) a composite number?
False
Let t(w) be the second derivative of -w**5/20 - w**4/12 + w**3/6 + 1781*w**2/2 + w. Suppose -4*p + 3*k = -21, 8*k + 28 = 4*k. Is t(p) composite?
True
Let c(b) = -24 - 2*b + 43*b - 14*b. Suppose -3*s - 52 = -97. Is c(s) a prime number?
False
Let t(r) = -r**2 - 3*r - 1. Let v be t(-1). Let c be 3 - v*(-4 + 1). Is 4/c*(-9444)/(-8) a prime number?
True
Let n(g) = 3*g**3 + g**2 + 2*g + 3. Let q(v) = -v + 3. Let u be q(-1). Let l be n(u). Suppose 5*a = l + 596. Is a composite?
False
Let a be (2/(-12) - (-16 - 322/(-21)))*-322. Let i = -392 + 747. Let h = a + i. Is h composite?
True
Let l(n) be the second derivative of n**4/6 + 2*n**2 + 4*n. Let r be l(-4). Is (-6055)/(-9) - (-8)/r - 0 composite?
False
Let b(a) = 79*a**2 + 6480*a + 232. Is b(-129) a prime number?
False
Suppose 6*i + i = -4480. Let q(j) = -9*j**2 + 8*j - 16. Let g be q(5). Let r = g - i. Is r a composite number?
False
Let f be -16*(-1 + 0)/2. Suppose -3*s = -7*s + f. Let c(w) = 112*w**2 - w + 3. Is c(s) prime?
True
Let a(c) = -c**2 + 4*c - 2. Let r be a(2). Suppose -5*b = -u - 324, -5*u + 0*u + 108 = r*b. Let s = 147 - b. Is s a prime number?
True
Suppose -5*u = -10, -3*h - 3*u = 13 - 1222. Let f(a) = -a**2 - 41*a + 336. Let i be f(-48). Suppose h = v + 2*j, 5*v - 3*j - 1966 = -i*j. Is v a prime number?
False
Let r(l) = 2*l**2 + 8*l + 13. Let p be r(-2). Suppose 11*z + 16 - p = 0. Is (-1 + z)*2/((-16)/2228) a prime number?
True
Let a be -3*49/(-21) - -28854. Suppose a = 5*m - x, -m = -6*x + 2*x - 5757. Is m a prime number?
False
Suppose 3*f + 5707 + 2666 = 0. Suppose -71043 = 49*z + 5985. Let w = z - f. Is w a composite number?
True
Suppose 0*j + j = 5. Let w = 49 + -46. Suppose 0 = -j*q + w*q + 322. Is q a composite number?
True
Let h be (-1*(-6)/5)/(50/2375). Let p = -60 + h. Let d(x) = -21*x**3 - 2*x**2 - 6*x - 10. Is d(p) composite?
False
Let a be ((-2)/6*(-23 + 26))/(-1). Is a*2075 - (-13 + 7) prime?
True
Let m be 1*(25/(4 + -9) + 5). Let v(z) = z**3 + z**2 - 1. Let q(y) = -y**3 - 3*y**2 - 2*y - 621. Let x(p) = -q(p) - 2*v(p). Is x(m) prime?
False
Let d = 30382 + -3903. Is d composite?
False
Let q(r) = -12246*r + 1799. Is q(-7) a prime number?
False
Let v(m) = -413*m**3 + 6*m**2 - 31. Is v(-12) prime?
False
Suppose 0*t - 200 = -2*t. Let r be (-3 - 1) + (-48)/(-6). Suppose -y + 1217 = r*j, -j + 423 = 4*y + t. Is j a composite number?
True
Let x = -2171 - -8858. Let k = x - 1514. Is k prime?
False
Let a(p) = 64*p**2 - 148*p - 24*p**2 + 175*p + 51. Is a(-2) composite?
False
Suppose 4*s + 15161 = 5*j - 5004, 2*j + 4*s = 8066. Let r = 5656 - j. Suppose d = -2*d + r. Is d a prime number?
True
Suppose 19*v - 371920 = 410728. Suppose -v = -5*h - 2*b - 13143, 3*h + 4*b = 16835. Is h a composite number?
True
Let w be 348564/9 - 4*(-5)/(-60). Suppose 0 = 3*q - w - 20668. Is q a composite number?
True
Suppose 2 = -k, -3*f - 3*k - 1339442 = -7*f. Is f a composite number?
True
Suppose 38*c - 4206336 - 14314879 = 2935371. Is c prime?
False
Let h(b) = -b - 11. Let c be h(-15). Suppose x = w - 3*w + 19, -2*w - 6 = -c*x. Suppose -w*o + 2298 = 149. Is o a prime number?
True
Let f(o) = o**3 - 6*o**2 + 1. Let u(m) = -m**2 - 7*m - 4. Let n be u(-4). Let s be f(n). Let r = -10 +